e
Is 4327 a prime number?
True
Is 17783 composite?
False
Is 314197 a prime number?
False
Is 182701 prime?
True
Is 105935 a prime number?
False
Is 66221 a composite number?
False
Is 132283 a composite number?
False
Is 35491 a prime number?
True
Is 767447 composite?
True
Is 8483 prime?
False
Is 677671 composite?
True
Is 19069 a prime number?
True
Is 2243 a prime number?
True
Is 1694697 prime?
False
Is 241342 composite?
True
Is 2505611 prime?
True
Is 4069 a composite number?
True
Is 12899 prime?
True
Is 133963 composite?
False
Is 102761 a prime number?
True
Is 631 composite?
False
Is 64483 a prime number?
True
Is 1145927 prime?
False
Is 3648131 prime?
True
Is 7169 a prime number?
False
Is 3460598 a prime number?
False
Is 9221 a composite number?
False
Is 11459 a composite number?
True
Is 52979 composite?
True
Is 18463 composite?
True
Is 131081 a prime number?
False
Is 2010703 prime?
True
Is 22731 composite?
True
Is 97423 composite?
False
Is 148619 composite?
True
Is 557 a composite number?
False
Is 19883 prime?
False
Is 11887 prime?
True
Is 20287 a prime number?
True
Is 20179 prime?
False
Is 28277 a prime number?
True
Is 76331 prime?
False
Is 190738 a composite number?
True
Is 175229 a composite number?
False
Is 48907 a composite number?
False
Is 144479 a prime number?
True
Is 27733 composite?
False
Is 204133 prime?
True
Is 5032433 a composite number?
True
Is 14873 a prime number?
False
Is 565973 composite?
False
Is 290677 a composite number?
False
Is 50627 a prime number?
True
Is 10033 a prime number?
False
Is 998681 prime?
True
Is 60209 composite?
False
Is 21419 prime?
True
Is 1316801 a composite number?
False
Is 1371301 a composite number?
False
Is 225749 prime?
True
Is 13073 a composite number?
True
Is 116409 prime?
False
Is 31 a prime number?
True
Is 406859 prime?
True
Is 163337 prime?
True
Is 78454 a composite number?
True
Is 9031 a prime number?
False
Is 210417 a composite number?
True
Is 537811 a prime number?
True
Is 1693 a composite number?
False
Is 951221 composite?
False
Is 45737 a composite number?
False
Is 188989 a composite number?
True
Is 331099 prime?
True
Is 292847 a composite number?
True
Is 951311 prime?
False
Is 11359 composite?
True
Is 614 a prime number?
False
Is 839 prime?
True
Is 405011 a composite number?
False
Is 4213 prime?
False
Is 332479 a composite number?
True
Is 15661 a composite number?
False
Is 664021 composite?
True
Is 137759 a prime number?
False
Is 1022521 a composite number?
True
Is 5749 prime?
True
Is 12419 prime?
False
Is 12053 a composite number?
True
Is 347135 a prime number?
False
Is 2927 a composite number?
False
Is 1097995 composite?
True
Is 66499 a composite number?
False
Is 7593 a composite number?
True
Is 175777 a composite number?
True
Is 62701 a prime number?
True
Is 2257 a composite number?
True
Is 65671 prime?
False
Is 1397 prime?
False
Is 30311 a composite number?
True
Is 82165 a composite number?
True
Is 4837 composite?
True
Is 6801 composite?
True
Is 319883 a prime number?
True
Is 108119 a composite number?
True
Is 21355 composite?
True
Is 100007 a composite number?
True
Is 4717 a composite number?
True
Is 261301 prime?
True
Is 46609 a composite number?
True
Is 43289 a prime number?
False
Is 85693 a composite number?
True
Is 11579 composite?
False
Is 40277 a composite number?
False
Is 30035 a prime number?
False
Is 993 composite?
True
Is 372055 prime?
False
Is 2831 a prime number?
False
Is 21677 a composite number?
True
Is 109163 a prime number?
False
Is 8143 a prime number?
False
Is 4777 a prime number?
False
Is 363211 a composite number?
False
Is 122527 a prime number?
True
Is 1160881 prime?
False
Is 3646 a prime number?
False
Is 1119739 a composite number?
True
Is 4391 a composite number?
False
Is 1345007 composite?
True
Is 2531 a composite number?
False
Is 5731 a prime number?
False
Is 39911 prime?
False
Is 101503 a prime number?
True
Is 433813 a prime number?
True
Is 649 a composite number?
True
Is 20569 composite?
True
Is 55667 a composite number?
False
Is 15787 prime?
True
Is 2176181 composite?
True
Is 8257 prime?
False
Is 10301 composite?
False
Is 4201 prime?
True
Is 171553 composite?
False
Is 267167 prime?
True
Is 283481 a composite number?
True
Is 81071 prime?
True
Is 151087 composite?
True
Is 1106719 a composite number?
True
Is 6421 a prime number?
True
Is 9733 a composite number?
False
Is 243577 a prime number?
True
Is 3504619 composite?
False
Is 70277 a composite number?
True
Is 24317 a prime number?
True
Is 82799 prime?
True
Is 112967 a composite number?
False
Is 689743 composite?
True
Is 608471 composite?
False
Is 6502 composite?
True
Is 19121 prime?
True
Is 1811 prime?
True
Is 1973 a composite number?
False
Is 142379 prime?
False
Is 9619 a prime number?
True
Is 96157 a composite number?
False
Is 1317 composite?
True
Is 167901 composite?
True
Is 212777 composite?
False
Is 140969 a prime number?
False
Is 25867 a prime number?
True
Is 448597 a composite number?
False
Is 76343 a prime number?
True
Is 58541 composite?
True
Is 4373 prime?
True
Is 142663 prime?
False
Is 27641 a composite number?
True
Is 177713 prime?
False
Is 269899 composite?
True
Is 80165 a composite number?
True
Is 1363 prime?
False
Is 132191 a composite number?
True
Is 40249 prime?
False
Is 63939 a prime number?
False
Is 3623 prime?
True
Is 116329 a prime number?
True
Is 2609 a composite number?
False
Is 30133 prime?
True
Is 1930183 prime?
False
Is 5623 a composite number?
False
Is 45767 composite?
False
Is 103749 prime?
False
Is 538621 a prime number?
True
Is 93085 prime?
False
Is 47189 prime?
True
Is 1544729 prime?
True
Is 27994 a composite number?
True
Is 1011 prime?
False
Is 113647 a composite number?
False
Is 2078 a prime number?
False
Is 11197 prime?
True
Is 14797 a composite number?
False
Is 11281 a composite number?
True
Is 87389 a prime number?
False
Is 2231 composite?
True
Is 20959 a prime number?
True
Is 7901 composite?
False
Is 2563 composite?
True
Is 542993 composite?
True
Is 112587 prime?
False
Is 5433 prime?
False
Is 483143 a prime number?
False
Is 133183 a prime number?
True
Is 1937 prime?
False
Is 15063 a prime number?
False
Is 240257 a composite number?
False
Is 38411 a composite number?
True
Is 75161 prime?
True
Is 341 a composite number?
True
Is 1061539 composite?
True
Is 259 composite?
True
Is 1459049 a composite number?
True
Is 1369 a composite number?
True
Is 8659 a prime number?
False
Is 9533 prime?
True
Is 15659 a prime number?
False
Is 1124351 a composite number?
False
Is 124103 composite?
True
Is 4171 a prime number?
False
Is 117541 a prime number?
True
Is 30265 composite?
True
Is 164881 prime?
True
Is 235483 a composite number?
False
Is 23369 a composite number?
False
Is 14978 prime?
False
Is 2705 a composite number?
True
Is 9059 composite?
False
Is 18649 a prime number?
False
Is 42278 a prime number?
False
Is 46471 a composite number?
False
Is 741949 prime?
False
Is 99551 prime?
True
Is 1302383 composite?
False
Is 61331 composite?
False
Is 462909 a prime number?
False
Is 24877 a prime number?
True
Is 1943 prime?
False
Is 45377 a composite number?
False
Is 219577 a composite number?
False
Is 79531 prime?
True
Is 10243 a prime number?
True
Is 14587 a composite number?
True
Is 8654 a composite number?
True
Is 11467 a prime number?
True
Is 856301 prime?
True
Is 23803 composite?
True
Is 151531 a prime number?
True
Is 330929 composite?
True
Is 16253 a composite number?
False
Is 55558 composite?
True
Is 10921 a composite number?
True
Is 792001 composite?
True
Is 490913 a prime number?
True
Is 104399 composite?
False
Is 889549 prime?
False
Is 1317 a prime number?
False
Is 80761 composite?
False
Is 35273 prime?
False
Is 32687 composite?
False
Is 1483297 prime?
False
Is 9957 prime?
False
Is 10559 a composite number?
False
Is 1278839 composite?
False
Is 8791 composite?
True
Is 10037 composite?
False
Is 3345091 a composite number?
False
Is 118661 a composite number?
False
Is 239627 a composite number?
True
Is 187307 a prime number?
False
Is 2051 composite?
True
Is 36463 composite?
True
Is 96583 composite?
True
Is 12335 a prime number?
False
Is 12871 composite?
True
Is 56081 composite?
False
Is 16546 a composite number?
True
Is 290401 composite?
True
Is 30341 composite?
False
Is 22915 compos